{"id":337,"date":"2025-06-16T05:04:07","date_gmt":"2025-06-16T05:04:07","guid":{"rendered":"https:\/\/blachoprojekt.pl\/?page_id=337"},"modified":"2025-06-16T05:14:34","modified_gmt":"2025-06-16T05:14:34","slug":"model-m1","status":"publish","type":"page","link":"https:\/\/blachoprojekt.pl\/index.php\/model-m1\/","title":{"rendered":"Model M1"},"content":{"rendered":"<section class=\"bde-section-337-100 bde-section\">\n  \n  \n\t\n\n\n\n<div class=\"section-container\"><h1 class=\"bde-heading-337-101 bde-heading\">\nDost\u0119pne kolory modelu M1\n<\/h1><div class=\"bde-columns-337-102 bde-columns\"><div class=\"bde-column-337-103 bde-column\">\n  \n  \n\t\n\n\n\n<div class=\"bde-image-box-337-107 bde-image-box\">\n<div class=\"ee-imagebox-image\">\n  <img loading=\"lazy\" decoding=\"async\" class=\"breakdance-image-object\" src=\"https:\/\/blachoprojekt.pl\/wp-content\/uploads\/2025\/06\/BRAZ-MAT-8017-scaled.jpg\" width=\"1920\" height=\"2560\" srcset=\"https:\/\/blachoprojekt.pl\/wp-content\/uploads\/2025\/06\/BRAZ-MAT-8017-scaled.jpg 1920w, https:\/\/blachoprojekt.pl\/wp-content\/uploads\/2025\/06\/BRAZ-MAT-8017-225x300.jpg 225w, https:\/\/blachoprojekt.pl\/wp-content\/uploads\/2025\/06\/BRAZ-MAT-8017-768x1024.jpg 768w, https:\/\/blachoprojekt.pl\/wp-content\/uploads\/2025\/06\/BRAZ-MAT-8017-1152x1536.jpg 1152w, https:\/\/blachoprojekt.pl\/wp-content\/uploads\/2025\/06\/BRAZ-MAT-8017-1536x2048.jpg 1536w\" sizes=\"auto, (max-width: 1920px) 100vw, 1920px\">\n<\/div>\n<div class=\"ee-imagebox-content\">\n      <p class=\"ee-imagebox-title bde-h3\" >Br\u0105z mat 8017<\/p>\n    \n    \n  <\/div>\n\n<\/div>\n<\/div><div class=\"bde-column-337-104 bde-column\">\n  \n  \n\t\n\n\n\n<div class=\"bde-image-box-337-108 bde-image-box\">\n<div class=\"ee-imagebox-image\">\n  <img loading=\"lazy\" decoding=\"async\" class=\"breakdance-image-object\" src=\"https:\/\/blachoprojekt.pl\/wp-content\/uploads\/2025\/06\/BRAZ-MAT-8019-scaled.jpg\" width=\"1920\" height=\"2560\" srcset=\"https:\/\/blachoprojekt.pl\/wp-content\/uploads\/2025\/06\/BRAZ-MAT-8019-scaled.jpg 1920w, https:\/\/blachoprojekt.pl\/wp-content\/uploads\/2025\/06\/BRAZ-MAT-8019-225x300.jpg 225w, https:\/\/blachoprojekt.pl\/wp-content\/uploads\/2025\/06\/BRAZ-MAT-8019-768x1024.jpg 768w, https:\/\/blachoprojekt.pl\/wp-content\/uploads\/2025\/06\/BRAZ-MAT-8019-1152x1536.jpg 1152w, https:\/\/blachoprojekt.pl\/wp-content\/uploads\/2025\/06\/BRAZ-MAT-8019-1536x2048.jpg 1536w\" sizes=\"auto, (max-width: 1920px) 100vw, 1920px\">\n<\/div>\n<div class=\"ee-imagebox-content\">\n      <p class=\"ee-imagebox-title bde-h3\" >Br\u0105z mat 8019<\/p>\n    \n    \n  <\/div>\n\n<\/div>\n<\/div><div class=\"bde-column-337-105 bde-column\">\n  \n  \n\t\n\n\n\n<div class=\"bde-image-box-337-109 bde-image-box\">\n<div class=\"ee-imagebox-image\">\n  <img loading=\"lazy\" decoding=\"async\" class=\"breakdance-image-object\" src=\"https:\/\/blachoprojekt.pl\/wp-content\/uploads\/2025\/06\/BRAZ-POLYSK-8017-1-scaled.jpg\" width=\"1920\" height=\"2560\" srcset=\"https:\/\/blachoprojekt.pl\/wp-content\/uploads\/2025\/06\/BRAZ-POLYSK-8017-1-scaled.jpg 1920w, https:\/\/blachoprojekt.pl\/wp-content\/uploads\/2025\/06\/BRAZ-POLYSK-8017-1-225x300.jpg 225w, https:\/\/blachoprojekt.pl\/wp-content\/uploads\/2025\/06\/BRAZ-POLYSK-8017-1-768x1024.jpg 768w, https:\/\/blachoprojekt.pl\/wp-content\/uploads\/2025\/06\/BRAZ-POLYSK-8017-1-1152x1536.jpg 1152w, https:\/\/blachoprojekt.pl\/wp-content\/uploads\/2025\/06\/BRAZ-POLYSK-8017-1-1536x2048.jpg 1536w\" sizes=\"auto, (max-width: 1920px) 100vw, 1920px\">\n<\/div>\n<div class=\"ee-imagebox-content\">\n      <p class=\"ee-imagebox-title bde-h3\" >Br\u0105z po\u0142ysk 8017<\/p>\n    \n    \n  <\/div>\n\n<\/div>\n<\/div><div class=\"bde-column-337-106 bde-column\">\n  \n  \n\t\n\n\n\n<div class=\"bde-image-box-337-110 bde-image-box\">\n<div class=\"ee-imagebox-image\">\n  <img loading=\"lazy\" decoding=\"async\" class=\"breakdance-image-object\" src=\"https:\/\/blachoprojekt.pl\/wp-content\/uploads\/2025\/06\/CIEMNY-ORZECH-scaled.jpg\" width=\"1920\" height=\"2560\" srcset=\"https:\/\/blachoprojekt.pl\/wp-content\/uploads\/2025\/06\/CIEMNY-ORZECH-scaled.jpg 1920w, https:\/\/blachoprojekt.pl\/wp-content\/uploads\/2025\/06\/CIEMNY-ORZECH-225x300.jpg 225w, https:\/\/blachoprojekt.pl\/wp-content\/uploads\/2025\/06\/CIEMNY-ORZECH-768x1024.jpg 768w, https:\/\/blachoprojekt.pl\/wp-content\/uploads\/2025\/06\/CIEMNY-ORZECH-1152x1536.jpg 1152w, https:\/\/blachoprojekt.pl\/wp-content\/uploads\/2025\/06\/CIEMNY-ORZECH-1536x2048.jpg 1536w\" sizes=\"auto, (max-width: 1920px) 100vw, 1920px\">\n<\/div>\n<div class=\"ee-imagebox-content\">\n      <p class=\"ee-imagebox-title bde-h3\" >Ciemny orzech<\/p>\n    \n    \n  <\/div>\n\n<\/div>\n<\/div><\/div><div class=\"bde-columns-337-111 bde-columns\"><div class=\"bde-column-337-112 bde-column\">\n  \n  \n\t\n\n\n\n<div class=\"bde-image-box-337-113 bde-image-box\">\n<div class=\"ee-imagebox-image\">\n  <img loading=\"lazy\" decoding=\"async\" class=\"breakdance-image-object\" src=\"https:\/\/blachoprojekt.pl\/wp-content\/uploads\/2025\/06\/CZARNY-MAT-9005-scaled.jpg\" width=\"1920\" height=\"2560\" srcset=\"https:\/\/blachoprojekt.pl\/wp-content\/uploads\/2025\/06\/CZARNY-MAT-9005-scaled.jpg 1920w, https:\/\/blachoprojekt.pl\/wp-content\/uploads\/2025\/06\/CZARNY-MAT-9005-225x300.jpg 225w, https:\/\/blachoprojekt.pl\/wp-content\/uploads\/2025\/06\/CZARNY-MAT-9005-768x1024.jpg 768w, https:\/\/blachoprojekt.pl\/wp-content\/uploads\/2025\/06\/CZARNY-MAT-9005-1152x1536.jpg 1152w, https:\/\/blachoprojekt.pl\/wp-content\/uploads\/2025\/06\/CZARNY-MAT-9005-1536x2048.jpg 1536w\" sizes=\"auto, (max-width: 1920px) 100vw, 1920px\">\n<\/div>\n<div class=\"ee-imagebox-content\">\n      <p class=\"ee-imagebox-title bde-h3\" >Czarny Mat 9005<\/p>\n    \n    \n  <\/div>\n\n<\/div>\n<\/div><div class=\"bde-column-337-114 bde-column\">\n  \n  \n\t\n\n\n\n<div class=\"bde-image-box-337-115 bde-image-box\">\n<div class=\"ee-imagebox-image\">\n  <img loading=\"lazy\" decoding=\"async\" class=\"breakdance-image-object\" src=\"https:\/\/blachoprojekt.pl\/wp-content\/uploads\/2025\/06\/GRAFIT-MAT-7016-3-scaled.jpg\" width=\"1920\" height=\"2560\" srcset=\"https:\/\/blachoprojekt.pl\/wp-content\/uploads\/2025\/06\/GRAFIT-MAT-7016-3-scaled.jpg 1920w, https:\/\/blachoprojekt.pl\/wp-content\/uploads\/2025\/06\/GRAFIT-MAT-7016-3-225x300.jpg 225w, https:\/\/blachoprojekt.pl\/wp-content\/uploads\/2025\/06\/GRAFIT-MAT-7016-3-768x1024.jpg 768w, https:\/\/blachoprojekt.pl\/wp-content\/uploads\/2025\/06\/GRAFIT-MAT-7016-3-1152x1536.jpg 1152w, https:\/\/blachoprojekt.pl\/wp-content\/uploads\/2025\/06\/GRAFIT-MAT-7016-3-1536x2048.jpg 1536w\" sizes=\"auto, (max-width: 1920px) 100vw, 1920px\">\n<\/div>\n<div class=\"ee-imagebox-content\">\n      <p class=\"ee-imagebox-title bde-h3\" >Grafit mat 7016<\/p>\n    \n    \n  <\/div>\n\n<\/div>\n<\/div><div class=\"bde-column-337-116 bde-column\">\n  \n  \n\t\n\n\n\n<div class=\"bde-image-box-337-117 bde-image-box\">\n<div class=\"ee-imagebox-image\">\n  <img loading=\"lazy\" decoding=\"async\" class=\"breakdance-image-object\" src=\"https:\/\/blachoprojekt.pl\/wp-content\/uploads\/2025\/06\/GRAFIT-POLYSK-7016-scaled.jpg\" width=\"1920\" height=\"2560\" srcset=\"https:\/\/blachoprojekt.pl\/wp-content\/uploads\/2025\/06\/GRAFIT-POLYSK-7016-scaled.jpg 1920w, https:\/\/blachoprojekt.pl\/wp-content\/uploads\/2025\/06\/GRAFIT-POLYSK-7016-225x300.jpg 225w, https:\/\/blachoprojekt.pl\/wp-content\/uploads\/2025\/06\/GRAFIT-POLYSK-7016-768x1024.jpg 768w, https:\/\/blachoprojekt.pl\/wp-content\/uploads\/2025\/06\/GRAFIT-POLYSK-7016-1152x1536.jpg 1152w, https:\/\/blachoprojekt.pl\/wp-content\/uploads\/2025\/06\/GRAFIT-POLYSK-7016-1536x2048.jpg 1536w\" sizes=\"auto, (max-width: 1920px) 100vw, 1920px\">\n<\/div>\n<div class=\"ee-imagebox-content\">\n      <p class=\"ee-imagebox-title bde-h3\" >Grafit po\u0142ysk 7016<\/p>\n    \n    \n  <\/div>\n\n<\/div>\n<\/div><div class=\"bde-column-337-118 bde-column\">\n  \n  \n\t\n\n\n\n<div class=\"bde-image-box-337-119 bde-image-box\">\n<div class=\"ee-imagebox-image\">\n  <img loading=\"lazy\" decoding=\"async\" class=\"breakdance-image-object\" src=\"https:\/\/blachoprojekt.pl\/wp-content\/uploads\/2025\/06\/ZLOTY-DAB-NR-1-1-scaled.jpg\" width=\"1920\" height=\"2560\" srcset=\"https:\/\/blachoprojekt.pl\/wp-content\/uploads\/2025\/06\/ZLOTY-DAB-NR-1-1-scaled.jpg 1920w, https:\/\/blachoprojekt.pl\/wp-content\/uploads\/2025\/06\/ZLOTY-DAB-NR-1-1-225x300.jpg 225w, https:\/\/blachoprojekt.pl\/wp-content\/uploads\/2025\/06\/ZLOTY-DAB-NR-1-1-768x1024.jpg 768w, https:\/\/blachoprojekt.pl\/wp-content\/uploads\/2025\/06\/ZLOTY-DAB-NR-1-1-1152x1536.jpg 1152w, https:\/\/blachoprojekt.pl\/wp-content\/uploads\/2025\/06\/ZLOTY-DAB-NR-1-1-1536x2048.jpg 1536w\" sizes=\"auto, (max-width: 1920px) 100vw, 1920px\">\n<\/div>\n<div class=\"ee-imagebox-content\">\n      <p class=\"ee-imagebox-title bde-h3\" >Z\u0142oty d\u0105b nr 11<\/p>\n    \n    \n  <\/div>\n\n<\/div>\n<\/div><\/div><\/div>\n<\/section>","protected":false},"excerpt":{"rendered":"<p>Dost\u0119pne kolory modelu M1 Br\u0105z mat 8017 Br\u0105z mat 8019 Br\u0105z po\u0142ysk 8017 Ciemny orzech Czarny Mat 9005 Grafit mat 7016 Grafit po\u0142ysk 7016 Z\u0142oty d\u0105b nr 11<\/p>\n","protected":false},"author":1,"featured_media":0,"parent":0,"menu_order":0,"comment_status":"closed","ping_status":"closed","template":"","meta":{"_breakdance_hide_in_design_set":false,"_breakdance_tags":"","footnotes":""},"class_list":["post-337","page","type-page","status-publish","hentry"],"_links":{"self":[{"href":"https:\/\/blachoprojekt.pl\/index.php\/wp-json\/wp\/v2\/pages\/337","targetHints":{"allow":["GET"]}}],"collection":[{"href":"https:\/\/blachoprojekt.pl\/index.php\/wp-json\/wp\/v2\/pages"}],"about":[{"href":"https:\/\/blachoprojekt.pl\/index.php\/wp-json\/wp\/v2\/types\/page"}],"author":[{"embeddable":true,"href":"https:\/\/blachoprojekt.pl\/index.php\/wp-json\/wp\/v2\/users\/1"}],"replies":[{"embeddable":true,"href":"https:\/\/blachoprojekt.pl\/index.php\/wp-json\/wp\/v2\/comments?post=337"}],"version-history":[{"count":4,"href":"https:\/\/blachoprojekt.pl\/index.php\/wp-json\/wp\/v2\/pages\/337\/revisions"}],"predecessor-version":[{"id":349,"href":"https:\/\/blachoprojekt.pl\/index.php\/wp-json\/wp\/v2\/pages\/337\/revisions\/349"}],"wp:attachment":[{"href":"https:\/\/blachoprojekt.pl\/index.php\/wp-json\/wp\/v2\/media?parent=337"}],"curies":[{"name":"wp","href":"https:\/\/api.w.org\/{rel}","templated":true}]}}