{"id":351,"date":"2025-06-16T05:14:44","date_gmt":"2025-06-16T05:14:44","guid":{"rendered":"https:\/\/blachoprojekt.pl\/?page_id=351"},"modified":"2025-06-16T05:17:10","modified_gmt":"2025-06-16T05:17:10","slug":"model-m2","status":"publish","type":"page","link":"https:\/\/blachoprojekt.pl\/index.php\/model-m2\/","title":{"rendered":"Model M2"},"content":{"rendered":"<section class=\"bde-section-351-100 bde-section\">\n  \n  \n\t\n\n\n\n<div class=\"section-container\"><h1 class=\"bde-heading-351-101 bde-heading\">\nDost\u0119pne kolory modelu M2\n<\/h1><div class=\"bde-columns-351-102 bde-columns\"><div class=\"bde-column-351-103 bde-column\">\n  \n  \n\t\n\n\n\n<div class=\"bde-image-box-351-104 bde-image-box\">\n<div class=\"ee-imagebox-image\">\n  <img loading=\"lazy\" decoding=\"async\" class=\"breakdance-image-object\" src=\"https:\/\/blachoprojekt.pl\/wp-content\/uploads\/2025\/06\/BRAZ-MAT-8017-1-scaled.jpg\" width=\"1920\" height=\"2560\" srcset=\"https:\/\/blachoprojekt.pl\/wp-content\/uploads\/2025\/06\/BRAZ-MAT-8017-1-scaled.jpg 1920w, https:\/\/blachoprojekt.pl\/wp-content\/uploads\/2025\/06\/BRAZ-MAT-8017-1-225x300.jpg 225w, https:\/\/blachoprojekt.pl\/wp-content\/uploads\/2025\/06\/BRAZ-MAT-8017-1-768x1024.jpg 768w, https:\/\/blachoprojekt.pl\/wp-content\/uploads\/2025\/06\/BRAZ-MAT-8017-1-1152x1536.jpg 1152w, https:\/\/blachoprojekt.pl\/wp-content\/uploads\/2025\/06\/BRAZ-MAT-8017-1-1536x2048.jpg 1536w\" sizes=\"auto, (max-width: 1920px) 100vw, 1920px\">\n<\/div>\n<div class=\"ee-imagebox-content\">\n      <p class=\"ee-imagebox-title bde-h3\" >Br\u0105z mat 8017<\/p>\n    \n    \n  <\/div>\n\n<\/div>\n<\/div><div class=\"bde-column-351-105 bde-column\">\n  \n  \n\t\n\n\n\n<div class=\"bde-image-box-351-106 bde-image-box\">\n<div class=\"ee-imagebox-image\">\n  <img loading=\"lazy\" decoding=\"async\" class=\"breakdance-image-object\" src=\"https:\/\/blachoprojekt.pl\/wp-content\/uploads\/2025\/06\/BRAZ-POLYSK-8017-2-scaled.jpg\" width=\"1920\" height=\"2560\" srcset=\"https:\/\/blachoprojekt.pl\/wp-content\/uploads\/2025\/06\/BRAZ-POLYSK-8017-2-scaled.jpg 1920w, https:\/\/blachoprojekt.pl\/wp-content\/uploads\/2025\/06\/BRAZ-POLYSK-8017-2-225x300.jpg 225w, https:\/\/blachoprojekt.pl\/wp-content\/uploads\/2025\/06\/BRAZ-POLYSK-8017-2-768x1024.jpg 768w, https:\/\/blachoprojekt.pl\/wp-content\/uploads\/2025\/06\/BRAZ-POLYSK-8017-2-1152x1536.jpg 1152w, https:\/\/blachoprojekt.pl\/wp-content\/uploads\/2025\/06\/BRAZ-POLYSK-8017-2-1536x2048.jpg 1536w\" sizes=\"auto, (max-width: 1920px) 100vw, 1920px\">\n<\/div>\n<div class=\"ee-imagebox-content\">\n      <p class=\"ee-imagebox-title bde-h3\" >Br\u0105z po\u0142ysk 8017<\/p>\n    \n    \n  <\/div>\n\n<\/div>\n<\/div><div class=\"bde-column-351-107 bde-column\">\n  \n  \n\t\n\n\n\n<div class=\"bde-image-box-351-108 bde-image-box\">\n<div class=\"ee-imagebox-image\">\n  <img loading=\"lazy\" decoding=\"async\" class=\"breakdance-image-object\" src=\"https:\/\/blachoprojekt.pl\/wp-content\/uploads\/2025\/06\/CZARNY-MAT-9005-1-scaled.jpg\" width=\"1920\" height=\"2560\" srcset=\"https:\/\/blachoprojekt.pl\/wp-content\/uploads\/2025\/06\/CZARNY-MAT-9005-1-scaled.jpg 1920w, https:\/\/blachoprojekt.pl\/wp-content\/uploads\/2025\/06\/CZARNY-MAT-9005-1-225x300.jpg 225w, https:\/\/blachoprojekt.pl\/wp-content\/uploads\/2025\/06\/CZARNY-MAT-9005-1-768x1024.jpg 768w, https:\/\/blachoprojekt.pl\/wp-content\/uploads\/2025\/06\/CZARNY-MAT-9005-1-1152x1536.jpg 1152w, https:\/\/blachoprojekt.pl\/wp-content\/uploads\/2025\/06\/CZARNY-MAT-9005-1-1536x2048.jpg 1536w\" sizes=\"auto, (max-width: 1920px) 100vw, 1920px\">\n<\/div>\n<div class=\"ee-imagebox-content\">\n      <p class=\"ee-imagebox-title bde-h3\" >Czarny mat 9005<\/p>\n    \n    \n  <\/div>\n\n<\/div>\n<\/div><div class=\"bde-column-351-109 bde-column\">\n  \n  \n\t\n\n\n\n<div class=\"bde-image-box-351-110 bde-image-box\">\n<div class=\"ee-imagebox-image\">\n  <img loading=\"lazy\" decoding=\"async\" class=\"breakdance-image-object\" src=\"https:\/\/blachoprojekt.pl\/wp-content\/uploads\/2025\/06\/GRAFIT-MAT-7016-4-scaled.jpg\" width=\"1920\" height=\"2560\" srcset=\"https:\/\/blachoprojekt.pl\/wp-content\/uploads\/2025\/06\/GRAFIT-MAT-7016-4-scaled.jpg 1920w, https:\/\/blachoprojekt.pl\/wp-content\/uploads\/2025\/06\/GRAFIT-MAT-7016-4-225x300.jpg 225w, https:\/\/blachoprojekt.pl\/wp-content\/uploads\/2025\/06\/GRAFIT-MAT-7016-4-768x1024.jpg 768w, https:\/\/blachoprojekt.pl\/wp-content\/uploads\/2025\/06\/GRAFIT-MAT-7016-4-1152x1536.jpg 1152w, https:\/\/blachoprojekt.pl\/wp-content\/uploads\/2025\/06\/GRAFIT-MAT-7016-4-1536x2048.jpg 1536w\" sizes=\"auto, (max-width: 1920px) 100vw, 1920px\">\n<\/div>\n<div class=\"ee-imagebox-content\">\n      <p class=\"ee-imagebox-title bde-h3\" >Grafit mat 7016<\/p>\n    \n    \n  <\/div>\n\n<\/div>\n<\/div><\/div><div class=\"bde-columns-351-111 bde-columns\"><div class=\"bde-column-351-112 bde-column\">\n  \n  \n\t\n\n\n\n<div class=\"bde-image-box-351-113 bde-image-box\">\n<div class=\"ee-imagebox-image\">\n  <img loading=\"lazy\" decoding=\"async\" class=\"breakdance-image-object\" src=\"https:\/\/blachoprojekt.pl\/wp-content\/uploads\/2025\/06\/GRAFIT-POLYSK-7016-1-scaled.jpg\" width=\"1920\" height=\"2560\" srcset=\"https:\/\/blachoprojekt.pl\/wp-content\/uploads\/2025\/06\/GRAFIT-POLYSK-7016-1-scaled.jpg 1920w, https:\/\/blachoprojekt.pl\/wp-content\/uploads\/2025\/06\/GRAFIT-POLYSK-7016-1-225x300.jpg 225w, https:\/\/blachoprojekt.pl\/wp-content\/uploads\/2025\/06\/GRAFIT-POLYSK-7016-1-768x1024.jpg 768w, https:\/\/blachoprojekt.pl\/wp-content\/uploads\/2025\/06\/GRAFIT-POLYSK-7016-1-1152x1536.jpg 1152w, https:\/\/blachoprojekt.pl\/wp-content\/uploads\/2025\/06\/GRAFIT-POLYSK-7016-1-1536x2048.jpg 1536w\" sizes=\"auto, (max-width: 1920px) 100vw, 1920px\">\n<\/div>\n<div class=\"ee-imagebox-content\">\n      <p class=\"ee-imagebox-title bde-h3\" >Grafit po\u0142ysk 7016<\/p>\n    \n    \n  <\/div>\n\n<\/div>\n<\/div><div class=\"bde-column-351-114 bde-column\">\n  \n  \n\t\n\n\n\n\n<\/div><div class=\"bde-column-351-116 bde-column\">\n  \n  \n\t\n\n\n\n\n<\/div><div class=\"bde-column-351-118 bde-column\">\n  \n  \n\t\n\n\n\n\n<\/div><\/div><\/div>\n<\/section>","protected":false},"excerpt":{"rendered":"<p>Dost\u0119pne kolory modelu M2 Br\u0105z mat 8017 Br\u0105z po\u0142ysk 8017 Czarny mat 9005 Grafit mat 7016 Grafit po\u0142ysk 7016<\/p>\n","protected":false},"author":1,"featured_media":0,"parent":0,"menu_order":0,"comment_status":"closed","ping_status":"closed","template":"","meta":{"_breakdance_hide_in_design_set":false,"_breakdance_tags":"","footnotes":""},"class_list":["post-351","page","type-page","status-publish","hentry"],"_links":{"self":[{"href":"https:\/\/blachoprojekt.pl\/index.php\/wp-json\/wp\/v2\/pages\/351","targetHints":{"allow":["GET"]}}],"collection":[{"href":"https:\/\/blachoprojekt.pl\/index.php\/wp-json\/wp\/v2\/pages"}],"about":[{"href":"https:\/\/blachoprojekt.pl\/index.php\/wp-json\/wp\/v2\/types\/page"}],"author":[{"embeddable":true,"href":"https:\/\/blachoprojekt.pl\/index.php\/wp-json\/wp\/v2\/users\/1"}],"replies":[{"embeddable":true,"href":"https:\/\/blachoprojekt.pl\/index.php\/wp-json\/wp\/v2\/comments?post=351"}],"version-history":[{"count":3,"href":"https:\/\/blachoprojekt.pl\/index.php\/wp-json\/wp\/v2\/pages\/351\/revisions"}],"predecessor-version":[{"id":359,"href":"https:\/\/blachoprojekt.pl\/index.php\/wp-json\/wp\/v2\/pages\/351\/revisions\/359"}],"wp:attachment":[{"href":"https:\/\/blachoprojekt.pl\/index.php\/wp-json\/wp\/v2\/media?parent=351"}],"curies":[{"name":"wp","href":"https:\/\/api.w.org\/{rel}","templated":true}]}}